he prime factors of 480?
2, 3, 5
What are the prime factors of 144904?
2, 59, 307
List the prime factors of 161.
7, 23
What are the prime factors of 562?
2, 281
What are the prime factors of 37216?
2, 1163
List the prime factors of 10850.
2, 5, 7, 31
What are the prime factors of 45284?
2, 11321
What are the prime factors of 13119?
3, 4373
What are the prime factors of 1306?
2, 653
What are the prime factors of 36324?
2, 3, 1009
List the prime factors of 3746.
2, 1873
List the prime factors of 1696.
2, 53
List the prime factors of 55982.
2, 23, 1217
What are the prime factors of 14970?
2, 3, 5, 499
List the prime factors of 1013.
1013
List the prime factors of 7697.
43, 179
What are the prime factors of 3427?
23, 149
List the prime factors of 3911.
3911
List the prime factors of 5726.
2, 7, 409
What are the prime factors of 2931?
3, 977
List the prime factors of 15558.
2, 3, 2593
List the prime factors of 209.
11, 19
What are the prime factors of 15796?
2, 11, 359
List the prime factors of 15736.
2, 7, 281
What are the prime factors of 1124?
2, 281
List the prime factors of 486.
2, 3
What are the prime factors of 35704?
2, 4463
What are the prime factors of 1235?
5, 13, 19
What are the prime factors of 4334?
2, 11, 197
What are the prime factors of 301?
7, 43
List the prime factors of 523.
523
What are the prime factors of 44?
2, 11
What are the prime factors of 711?
3, 79
List the prime factors of 1200.
2, 3, 5
What are the prime factors of 13005?
3, 5, 17
List the prime factors of 44036.
2, 101, 109
List the prime factors of 50880.
2, 3, 5, 53
What are the prime factors of 1374?
2, 3, 229
What are the prime factors of 17038?
2, 7, 1217
What are the prime factors of 907?
907
What are the prime factors of 218?
2, 109
What are the prime factors of 1336?
2, 167
List the prime factors of 490.
2, 5, 7
List the prime factors of 9085.
5, 23, 79
List the prime factors of 330.
2, 3, 5, 11
List the prime factors of 1421.
7, 29
What are the prime factors of 744?
2, 3, 31
What are the prime factors of 420?
2, 3, 5, 7
List the prime factors of 1820.
2, 5, 7, 13
List the prime factors of 734.
2, 367
List the prime factors of 29525.
5, 1181
List the prime factors of 821.
821
List the prime factors of 1094.
2, 547
List the prime factors of 4830.
2, 3, 5, 7, 23
List the prime factors of 824.
2, 103
What are the prime factors of 57179?
57179
List the prime factors of 308.
2, 7, 11
List the prime factors of 3932.
2, 983
List the prime factors of 10429.
10429
What are the prime factors of 21068?
2, 23, 229
What are the prime factors of 41238?
2, 3, 29, 79
What are the prime factors of 4382?
2, 7, 313
List the prime factors of 56434.
2, 7, 29, 139
List the prime factors of 5904.
2, 3, 41
List the prime factors of 31.
31
List the prime factors of 918.
2, 3, 17
List the prime factors of 10.
2, 5
What are the prime factors of 31436?
2, 29, 271
What are the prime factors of 7336?
2, 7, 131
List the prime factors of 1303.
1303
What are the prime factors of 2366?
2, 7, 13
List the prime factors of 18367.
18367
List the prime factors of 37389.
3, 11, 103
List the prime factors of 42250.
2, 5, 13
What are the prime factors of 76245?
3, 5, 13, 17, 23
List the prime factors of 54366.
2, 3, 13, 17, 41
List the prime factors of 3988.
2, 997
What are the prime factors of 629?
17, 37
What are the prime factors of 31475?
5, 1259
What are the prime factors of 38702?
2, 37, 523
What are the prime factors of 2101?
11, 191
List the prime factors of 42931.
7, 6133
What are the prime factors of 13934?
2, 6967
What are the prime factors of 47611?
47, 1013
List the prime factors of 65388.
2, 3, 5449
What are the prime factors of 7438?
2, 3719
What are the prime factors of 4272?
2, 3, 89
List the prime factors of 3565.
5, 23, 31
What are the prime factors of 27258?
2, 3, 7, 11, 59
List the prime factors of 88.
2, 11
List the prime factors of 3100.
2, 5, 31
What are the prime factors of 3446?
2, 1723
What are the prime factors of 13311?
3, 17, 29
List the prime factors of 6577.
6577
List the prime factors of 2485.
5, 7, 71
List the prime factors of 5802.
2, 3, 967
List the prime factors of 523.
523
List the prime factors of 25433.
29, 877
List the prime factors of 1443.
3, 13, 37
What are the prime factors of 40488?
2, 3, 7, 241
What are the prime factors of 5240?
2, 5, 131
What are the prime factors of 421?
421
List the prime factors of 11298.
2, 3, 7, 269
What are the prime factors of 8585?
5, 17, 101
List the prime factors of 6785.
5, 23, 59
What are the prime factors of 53373?
3, 17791
List the prime factors of 22533.
3, 7, 29, 37
List the prime factors of 900.
2, 3, 5
What are the prime factors of 6116?
2, 11, 139
List the prime factors of 2117.
29, 73
What are the prime factors of 16826?
2, 47, 179
List the prime factors of 29806.
2, 7, 2129
What are the prime factors of 9943?
61, 163
List the prime factors of 382.
2, 191
What are the prime factors of 46?
2, 23
List the prime factors of 173876.
2, 17, 2557
List the prime factors of 55899.
3, 6211
List the prime factors of 10866.
2, 3, 1811
List the prime factors of 15119.
13, 1163
What are the prime factors of 164542?
2, 7, 23, 73
List the prime factors of 1496.
2, 11, 17
List the prime factors of 5206.
2, 19, 137
What are the prime factors of 2126?
2, 1063
List the prime factors of 63933.
3, 101, 211
What are the prime factors of 523?
523
What are the prime factors of 1560?
2, 3, 5, 13
List the prime factors of 3564.
2, 3, 11
List the prime factors of 7044.
2, 3, 587
List the prime factors of 6016.
2, 47
What are the prime factors of 422?
2, 211
List the prime factors of 994.
2, 7, 71
List the prime factors of 71208.
2, 3, 23, 43
List the prime factors of 6065.
5, 1213
List the prime factors of 3103.
29, 107
What are the prime factors of 11192?
2, 1399
What are the prime factors of 5487?
3, 31, 59
What are the prime factors of 16877?
7, 2411
List the prime factors of 57274.
2, 7, 4091
What are the prime factors of 1264?
2, 79
What are the prime factors of 2385?
3, 5, 53
List the prime factors of 2230.
2, 5, 223
What are the prime factors of 99399?
3, 17, 1949
List the prime factors of 10668.
2, 3, 7, 127
List the prime factors of 1788.
2, 3, 149
What are the prime factors of 1950?
2, 3, 5, 13
List the prime factors of 2538.
2, 3, 47
List the prime factors of 20313.
3, 37, 61
What are the prime factors of 229?
229
List the prime factors of 45748.
2, 11437
List the prime factors of 16837.
113, 149
What are the prime factors of 1296?
2, 3
What are the prime factors of 734?
2, 367
List the prime factors of 2581.
29, 89
List the prime factors of 5912.
2, 739
What are the prime factors of 7531?
17, 443
List the prime factors of 3156.
2, 3, 263
What are the prime factors of 2415?
3, 5, 7, 23
List the prime factors of 18700.
2, 5, 11, 17
List the prime factors of 17790.
2, 3, 5, 593
What are the prime factors of 246?
2, 3, 41
List the prime factors of 6915.
3, 5, 461
What are the prime factors of 27192?
2, 3, 11, 103
What are the prime factors of 42?
2, 3, 7
What are the prime factors of 43942?
2, 127, 173
List the prime factors of 5849.
5849
List the prime factors of 1003.
17, 59
List the prime factors of 3936.
2, 3, 41
What are the prime factors of 73745?
5, 7, 43
What are the prime factors of 64762?
2, 32381
List the prime factors of 125926.
2, 79, 797
What are the prime factors of 1439?
1439
List the prime factors of 722.
2, 19
What are the prime factors of 8990?
2, 5, 29, 31
List the prime factors of 2264.
2, 283
List the prime factors of 3446.
2, 1723
What are the prime factors of 56929?
56929
What are the prime factors of 69953?
13, 5381
List the prime factors of 1954.
2, 977
List the prime factors of 35402.
2, 31, 571
What are the prime factors of 22730?
2, 5, 2273
What are the prime factors of 1155?
3, 5, 7, 11
What are the prime factors of 1209?
3, 13, 31
What are the prime factors of 893?
19, 47
What are the prime factors of 389?
389
List the prime factors of 172544.
2, 337
What are the prime factors of 1575?
3, 5, 7
What are the prime factors of 2999?
2999
List the prime factors of 7114.
2, 3557
List the prime factors of 1575.
3, 5, 7
List the prime factors of 9524.
2, 2381
What are the prime factors of 552?
2, 3, 23
What